{"id":2661,"date":"2021-07-21T09:46:13","date_gmt":"2021-07-21T07:46:13","guid":{"rendered":"https:\/\/patricia-lasserre.com\/?page_id=2661"},"modified":"2021-07-21T11:11:53","modified_gmt":"2021-07-21T09:11:53","slug":"les-secrets-de-la-bible","status":"publish","type":"page","link":"https:\/\/patricia-lasserre.com\/index.php\/accueil-livres-patricia-lasserre\/les-secrets-de-la-bible\/","title":{"rendered":"Les secrets de la Bible"},"content":{"rendered":"\t\t<div data-elementor-type=\"wp-page\" data-elementor-id=\"2661\" class=\"elementor elementor-2661\">\n\t\t\t\t\t\t<section class=\"elementor-section elementor-top-section elementor-element elementor-element-4a6258d elementor-section-boxed elementor-section-height-default elementor-section-height-default\" data-id=\"4a6258d\" data-element_type=\"section\">\n\t\t\t\t\t\t<div class=\"elementor-container elementor-column-gap-default\">\n\t\t\t\t\t<div class=\"elementor-column elementor-col-100 elementor-top-column elementor-element elementor-element-708d0f5\" data-id=\"708d0f5\" data-element_type=\"column\">\n\t\t\t<div class=\"elementor-widget-wrap elementor-element-populated\">\n\t\t\t\t\t\t<div class=\"elementor-element elementor-element-b81fd50 elementor-widget elementor-widget-heading\" data-id=\"b81fd50\" data-element_type=\"widget\" data-widget_type=\"heading.default\">\n\t\t\t\t<div class=\"elementor-widget-container\">\n\t\t\t\t\t<h3 class=\"elementor-heading-title elementor-size-default\">Les secrets de la Bible r\u00e9v\u00e9l\u00e9s dans une enqu\u00eate historique in\u00e9dite<\/h3>\t\t\t\t<\/div>\n\t\t\t\t<\/div>\n\t\t\t\t\t<\/div>\n\t\t<\/div>\n\t\t\t\t\t<\/div>\n\t\t<\/section>\n\t\t\t\t<section class=\"elementor-section elementor-top-section elementor-element elementor-element-9fdc821 elementor-section-boxed elementor-section-height-default elementor-section-height-default\" data-id=\"9fdc821\" data-element_type=\"section\">\n\t\t\t\t\t\t<div class=\"elementor-container elementor-column-gap-default\">\n\t\t\t\t\t<div class=\"elementor-column elementor-col-100 elementor-top-column elementor-element elementor-element-9a03797\" data-id=\"9a03797\" data-element_type=\"column\">\n\t\t\t<div class=\"elementor-widget-wrap elementor-element-populated\">\n\t\t\t\t\t\t<div class=\"elementor-element elementor-element-92be032 elementor-widget elementor-widget-text-editor\" data-id=\"92be032\" data-element_type=\"widget\" data-widget_type=\"text-editor.default\">\n\t\t\t\t<div class=\"elementor-widget-container\">\n\t\t\t\t\t\t\t\t\t<p>Les secrets de la Bible r\u00e9v\u00e9l\u00e9s par\u00a0<a href=\"https:\/\/patricia-lasserre.com\/index.php\/2019\/01\/30\/patricia-lasserre-auteure\/\" target=\"_blank\" rel=\"noopener\">Patricia Lasserre\u00a0<\/a>!! La <i>Bible<\/i> n&rsquo;est pas un livre d&rsquo;histoire. En effet, le <i>Livre<\/i> est une mythologie destin\u00e9e \u00e0 souder le peuple juif divis\u00e9 entre le Sud et le Nord du pays. Suite \u00e0 l&rsquo;invasion de ce dernier par l&rsquo;Assyrie (en &#8211; 737-738) il fallut le r\u00e9concilier. Et comme tout \u00e9crit mythologique le Livre Saint (l&rsquo;<em>Ancien Testament\/ la Thora<\/em>) est bas\u00e9 sur des contes et des r\u00e9cits anciens. Les multiples contributeurs ont par cons\u00e9quent remani\u00e9 les textes fondateurs pendant 800 ans environ.<\/p><p>De plus leur objectif consistait \u00e0 se forger une identit\u00e9 nouvelle, forte et totalement originale. Il fallait effectivement exister face aux grandes puissances \u00e9gyptiennes et assyriennes. D&rsquo;o\u00f9 l&rsquo;invention (ou la reprise ?) de l&rsquo;argument tr\u00e8s ing\u00e9nieux du \u00ab\u00a0peuple \u00e9lu\u00a0\u00bb.<\/p>\t\t\t\t\t\t\t\t<\/div>\n\t\t\t\t<\/div>\n\t\t\t\t\t<\/div>\n\t\t<\/div>\n\t\t\t\t\t<\/div>\n\t\t<\/section>\n\t\t\t\t<section class=\"elementor-section elementor-top-section elementor-element elementor-element-4671161 elementor-section-boxed elementor-section-height-default elementor-section-height-default\" data-id=\"4671161\" data-element_type=\"section\">\n\t\t\t\t\t\t<div class=\"elementor-container elementor-column-gap-default\">\n\t\t\t\t\t<div class=\"elementor-column elementor-col-100 elementor-top-column elementor-element elementor-element-6b28dc6\" data-id=\"6b28dc6\" data-element_type=\"column\">\n\t\t\t<div class=\"elementor-widget-wrap elementor-element-populated\">\n\t\t\t\t\t\t<div class=\"elementor-element elementor-element-ba1f899 elementor-widget elementor-widget-heading\" data-id=\"ba1f899\" data-element_type=\"widget\" data-widget_type=\"heading.default\">\n\t\t\t\t<div class=\"elementor-widget-container\">\n\t\t\t\t\t<h3 class=\"elementor-heading-title elementor-size-default\">Mo\u00efse retrouv\u00e9 ! Il est le v\u00e9ritable p\u00e8re de la nation juive<\/h3>\t\t\t\t<\/div>\n\t\t\t\t<\/div>\n\t\t\t\t\t<\/div>\n\t\t<\/div>\n\t\t\t\t\t<\/div>\n\t\t<\/section>\n\t\t\t\t<section class=\"elementor-section elementor-top-section elementor-element elementor-element-52b1d4f elementor-section-boxed elementor-section-height-default elementor-section-height-default\" data-id=\"52b1d4f\" data-element_type=\"section\">\n\t\t\t\t\t\t<div class=\"elementor-container elementor-column-gap-default\">\n\t\t\t\t\t<div class=\"elementor-column elementor-col-100 elementor-top-column elementor-element elementor-element-235fa43\" data-id=\"235fa43\" data-element_type=\"column\">\n\t\t\t<div class=\"elementor-widget-wrap elementor-element-populated\">\n\t\t\t\t\t\t<div class=\"elementor-element elementor-element-e4a5aaf elementor-widget elementor-widget-text-editor\" data-id=\"e4a5aaf\" data-element_type=\"widget\" data-widget_type=\"text-editor.default\">\n\t\t\t\t<div class=\"elementor-widget-container\">\n\t\t\t\t\t\t\t\t\t<p>Le livre<span> <\/span>(<a href=\"https:\/\/livre.fnac.com\/a15095472\/Patricia-Lasserre-Le-grand-mechant-Dieu\" target=\"_blank\" rel=\"noopener\">en vente dans toutes les librairies<\/a>) retrace la v\u00e9ritable histoire du monoth\u00e9isme depuis l&rsquo;\u00c9gypte antique jusqu&rsquo;\u00e0 Isra\u00ebl. Et par l\u00e0-m\u00eame il relate la naissance du peuple h\u00e9breu, non conforme \u00e0 celle cont\u00e9e dans l&rsquo;<em>Ancien Testament<span>\u00a0<\/span><\/em>ou la<em><span>\u00a0<\/span>Thora. <b>S<\/b><\/em><b>es origines remontent \u00e0 la fin du 13\u00e8 si\u00e8cle avant J-C (et non au 4\u00e8) et sont \u00e9gyptiennes et&#8230;.<\/b><\/p><p>Mais ce n&rsquo;est pas tout. Gr\u00e2ce \u00e0 ses propres recherches, Patricia Lasserre a retrouv\u00e9 la trace du vrai Mo\u00efse. C&rsquo;est la premi\u00e8re fois qu&rsquo;on retrouve la trace d&rsquo;un patriarche biblique. Il correspond au profil dress\u00e9 par Man\u00e9thon (300 avant J-C) et par Freud. L&rsquo;auteure prolongeant et rectifiant sur certains points les recherches de ce dernier gr\u00e2ce aux derni\u00e8res avanc\u00e9es arch\u00e9ologiques et \u00e0 ses d\u00e9ductions personnelles. Le c\u00e9l\u00e8bre psychanalyste ayant fait une petite erreur de raisonnement quant aux habitants du Nord et du Sud.<\/p>\t\t\t\t\t\t\t\t<\/div>\n\t\t\t\t<\/div>\n\t\t\t\t\t<\/div>\n\t\t<\/div>\n\t\t\t\t\t<\/div>\n\t\t<\/section>\n\t\t\t\t<section class=\"elementor-section elementor-top-section elementor-element elementor-element-66af448 elementor-section-boxed elementor-section-height-default elementor-section-height-default\" data-id=\"66af448\" data-element_type=\"section\">\n\t\t\t\t\t\t<div class=\"elementor-container elementor-column-gap-default\">\n\t\t\t\t\t<div class=\"elementor-column elementor-col-100 elementor-top-column elementor-element elementor-element-f20246a\" data-id=\"f20246a\" data-element_type=\"column\">\n\t\t\t<div class=\"elementor-widget-wrap elementor-element-populated\">\n\t\t\t\t\t\t<div class=\"elementor-element elementor-element-c89e8cb elementor-widget elementor-widget-heading\" data-id=\"c89e8cb\" data-element_type=\"widget\" data-widget_type=\"heading.default\">\n\t\t\t\t<div class=\"elementor-widget-container\">\n\t\t\t\t\t<h3 class=\"elementor-heading-title elementor-size-default\">Des recherches objectives et respectueuses<\/h3>\t\t\t\t<\/div>\n\t\t\t\t<\/div>\n\t\t\t\t\t<\/div>\n\t\t<\/div>\n\t\t\t\t\t<\/div>\n\t\t<\/section>\n\t\t\t\t<section class=\"elementor-section elementor-top-section elementor-element elementor-element-7319b69 elementor-section-boxed elementor-section-height-default elementor-section-height-default\" data-id=\"7319b69\" data-element_type=\"section\">\n\t\t\t\t\t\t<div class=\"elementor-container elementor-column-gap-default\">\n\t\t\t\t\t<div class=\"elementor-column elementor-col-100 elementor-top-column elementor-element elementor-element-28f6892\" data-id=\"28f6892\" data-element_type=\"column\">\n\t\t\t<div class=\"elementor-widget-wrap elementor-element-populated\">\n\t\t\t\t\t\t<div class=\"elementor-element elementor-element-7188de5 elementor-widget elementor-widget-text-editor\" data-id=\"7188de5\" data-element_type=\"widget\" data-widget_type=\"text-editor.default\">\n\t\t\t\t<div class=\"elementor-widget-container\">\n\t\t\t\t\t\t\t\t\t<p>Et contrairement \u00e0 ce que l&rsquo;on pourrait penser, elle ne porte aucun jugement de valeur.\u00a0<a href=\"https:\/\/patricia-lasserre.com\/index.php\/2019\/01\/30\/patricia-lasserre-auteure\/\" target=\"_blank\" rel=\"noopener\">Patricia Lasserre<\/a>\u00a0explique au contraire les motifs socio-politiques bien l\u00e9gitimes ayant conduit les auteurs de la <i>Bible<\/i> \u00e0 regrouper les textes et \u00e0 masquer certains secrets relatifs \u00e0 leurs origines et aux patriarches notamment. Ces faits historiques sont bien connus des sp\u00e9cialistes tel l&rsquo;universitaire Isra\u00ebl Finkelstein notamment et bien d&rsquo;autres.<\/p><p>Il en va de m\u00eame pour J\u00e9sus et sa famille. Les notions de Fils de Dieu, la virginit\u00e9 de Marie et la naissance de son fils hors mariage et bien d&rsquo;autres myst\u00e8res sont \u00e9lucid\u00e9s.\u00a0\u00a0<\/p><p>Les recherches sont document\u00e9es et donc v\u00e9rifiables comme il se doit. <span style=\"color: var( --e-global-color-text ); font-family: var( --e-global-typography-text-font-family ), Sans-serif; font-weight: var( --e-global-typography-text-font-weight ); font-size: 1rem;\">L&rsquo;ouvrage de<\/span><span style=\"color: var( --e-global-color-text ); font-family: var( --e-global-typography-text-font-family ), Sans-serif; font-weight: var( --e-global-typography-text-font-weight ); font-size: 1rem;\">\u00a0<\/span><span style=\"font-family: var( --e-global-typography-text-font-family ), Sans-serif;\"><span style=\"font-weight: var( --e-global-typography-text-font-weight ); font-size: 1rem;\"><a href=\"https:\/\/www.univ-lyon3.fr\/lasserre-patricia\">Patricia Lasserre Docteure en philosophie<\/a><\/span><\/span><span style=\"color: var( --e-global-color-text ); font-family: var( --e-global-typography-text-font-family ), Sans-serif; font-weight: var( --e-global-typography-text-font-weight ); font-size: 1rem;\">,<\/span><span style=\"color: var( --e-global-color-text ); font-family: var( --e-global-typography-text-font-family ), Sans-serif; font-weight: var( --e-global-typography-text-font-weight ); font-size: 1rem;\">\u00a0<\/span><span style=\"color: var( --e-global-color-text ); font-family: var( --e-global-typography-text-font-family ), Sans-serif; font-weight: var( --e-global-typography-text-font-weight ); font-size: 1rem;\">s&rsquo;adresse aux curieux qui ne craignent pas d&rsquo;\u00eatre d\u00e9stabilis\u00e9s dans le confort de leurs certitudes (pour peu qu&rsquo;ils en aient) et aux amateurs d&rsquo;histoire, d&rsquo;arch\u00e9ologie et d&rsquo;\u00e9gyptologie.<\/span><\/p><p>* <i>Les \u00e9ventuels reproches d&rsquo;antis\u00e9mitisme ou d&rsquo;anticl\u00e9ricalisme n&rsquo;ont pas lieu d&rsquo;\u00eatre ici. Ils \u00e9manent la plupart du temps de personnes qui ne distinguent pas entre v\u00e9rit\u00e9s historiques et id\u00e9ologie.<\/i><\/p>\t\t\t\t\t\t\t\t<\/div>\n\t\t\t\t<\/div>\n\t\t\t\t\t<\/div>\n\t\t<\/div>\n\t\t\t\t\t<\/div>\n\t\t<\/section>\n\t\t\t\t<\/div>\n\t\t","protected":false},"excerpt":{"rendered":"<p>Les secrets de la Bible r\u00e9v\u00e9l\u00e9s dans une enqu\u00eate historique in\u00e9dite Les secrets de la Bible r\u00e9v\u00e9l\u00e9s par\u00a0Patricia Lasserre\u00a0!! La Bible n&rsquo;est pas un livre d&rsquo;histoire. En effet, le Livre est une mythologie destin\u00e9e \u00e0 souder le peuple juif divis\u00e9 entre le Sud et le &hellip; <\/p>\n","protected":false},"author":1,"featured_media":579,"parent":192,"menu_order":0,"comment_status":"closed","ping_status":"closed","template":"","meta":{"om_disable_all_campaigns":false,"_monsterinsights_skip_tracking":false,"_monsterinsights_sitenote_active":false,"_monsterinsights_sitenote_note":"","_monsterinsights_sitenote_category":0,"_uf_show_specific_survey":0,"_uf_disable_surveys":false,"footnotes":""},"yoast_head":"<!-- This site is optimized with the Yoast SEO plugin v22.6 - https:\/\/yoast.com\/wordpress\/plugins\/seo\/ -->\n<title>Les secrets de la Bible - PATRICIA LASSERRE | LES \u00c9DITIONS SP\u00c9CIALES<\/title>\n<meta name=\"description\" content=\"Les secrets de la Bible r\u00e9v\u00e9l\u00e9s dans le livre de Patricia Lasserre Le grand m\u00e9chant Dieu, enqu\u00eate in\u00e9dite au c\u0153ur de la Bible\" \/>\n<meta name=\"robots\" content=\"index, follow, max-snippet:-1, max-image-preview:large, max-video-preview:-1\" \/>\n<link rel=\"canonical\" href=\"https:\/\/patricia-lasserre.com\/index.php\/accueil-livres-patricia-lasserre\/les-secrets-de-la-bible\/\" \/>\n<meta property=\"og:locale\" content=\"fr_FR\" \/>\n<meta property=\"og:type\" content=\"article\" \/>\n<meta property=\"og:title\" content=\"Les secrets de la Bible - PATRICIA LASSERRE | LES \u00c9DITIONS SP\u00c9CIALES\" \/>\n<meta property=\"og:description\" content=\"Les secrets de la Bible r\u00e9v\u00e9l\u00e9s dans le livre de Patricia Lasserre Le grand m\u00e9chant Dieu, enqu\u00eate in\u00e9dite au c\u0153ur de la Bible\" \/>\n<meta property=\"og:url\" content=\"https:\/\/patricia-lasserre.com\/index.php\/accueil-livres-patricia-lasserre\/les-secrets-de-la-bible\/\" \/>\n<meta property=\"og:site_name\" content=\"PATRICIA LASSERRE | LES \u00c9DITIONS SP\u00c9CIALES\" \/>\n<meta property=\"article:modified_time\" content=\"2021-07-21T09:11:53+00:00\" \/>\n<meta property=\"og:image\" content=\"https:\/\/patricia-lasserre.com\/wp-content\/uploads\/2020\/02\/LGMD-3D-petit-mixte-1024x689.png\" \/>\n\t<meta property=\"og:image:width\" content=\"1024\" \/>\n\t<meta property=\"og:image:height\" content=\"689\" \/>\n\t<meta property=\"og:image:type\" content=\"image\/png\" \/>\n<meta name=\"twitter:label1\" content=\"Dur\u00e9e de lecture estim\u00e9e\" \/>\n\t<meta name=\"twitter:data1\" content=\"3 minutes\" \/>\n<script type=\"application\/ld+json\" class=\"yoast-schema-graph\">{\"@context\":\"https:\/\/schema.org\",\"@graph\":[{\"@type\":\"WebPage\",\"@id\":\"https:\/\/patricia-lasserre.com\/index.php\/accueil-livres-patricia-lasserre\/les-secrets-de-la-bible\/\",\"url\":\"https:\/\/patricia-lasserre.com\/index.php\/accueil-livres-patricia-lasserre\/les-secrets-de-la-bible\/\",\"name\":\"Les secrets de la Bible - PATRICIA LASSERRE | LES \u00c9DITIONS SP\u00c9CIALES\",\"isPartOf\":{\"@id\":\"https:\/\/patricia-lasserre.com\/#website\"},\"primaryImageOfPage\":{\"@id\":\"https:\/\/patricia-lasserre.com\/index.php\/accueil-livres-patricia-lasserre\/les-secrets-de-la-bible\/#primaryimage\"},\"image\":{\"@id\":\"https:\/\/patricia-lasserre.com\/index.php\/accueil-livres-patricia-lasserre\/les-secrets-de-la-bible\/#primaryimage\"},\"thumbnailUrl\":\"https:\/\/patricia-lasserre.com\/wp-content\/uploads\/2020\/02\/LGMD-3D-petit-mixte.png\",\"datePublished\":\"2021-07-21T07:46:13+00:00\",\"dateModified\":\"2021-07-21T09:11:53+00:00\",\"description\":\"Les secrets de la Bible r\u00e9v\u00e9l\u00e9s dans le livre de Patricia Lasserre Le grand m\u00e9chant Dieu, enqu\u00eate in\u00e9dite au c\u0153ur de la Bible\",\"breadcrumb\":{\"@id\":\"https:\/\/patricia-lasserre.com\/index.php\/accueil-livres-patricia-lasserre\/les-secrets-de-la-bible\/#breadcrumb\"},\"inLanguage\":\"fr-FR\",\"potentialAction\":[{\"@type\":\"ReadAction\",\"target\":[\"https:\/\/patricia-lasserre.com\/index.php\/accueil-livres-patricia-lasserre\/les-secrets-de-la-bible\/\"]}]},{\"@type\":\"ImageObject\",\"inLanguage\":\"fr-FR\",\"@id\":\"https:\/\/patricia-lasserre.com\/index.php\/accueil-livres-patricia-lasserre\/les-secrets-de-la-bible\/#primaryimage\",\"url\":\"https:\/\/patricia-lasserre.com\/wp-content\/uploads\/2020\/02\/LGMD-3D-petit-mixte.png\",\"contentUrl\":\"https:\/\/patricia-lasserre.com\/wp-content\/uploads\/2020\/02\/LGMD-3D-petit-mixte.png\",\"width\":1850,\"height\":1244,\"caption\":\"Les secrets de la Bible r\u00e9v\u00e9l\u00e9s par Patricia Lasserre\"},{\"@type\":\"BreadcrumbList\",\"@id\":\"https:\/\/patricia-lasserre.com\/index.php\/accueil-livres-patricia-lasserre\/les-secrets-de-la-bible\/#breadcrumb\",\"itemListElement\":[{\"@type\":\"ListItem\",\"position\":1,\"name\":\"Accueil\",\"item\":\"https:\/\/patricia-lasserre.com\/\"},{\"@type\":\"ListItem\",\"position\":2,\"name\":\"Accueil\",\"item\":\"https:\/\/patricia-lasserre.com\/\"},{\"@type\":\"ListItem\",\"position\":3,\"name\":\"Les secrets de la Bible\"}]},{\"@type\":\"WebSite\",\"@id\":\"https:\/\/patricia-lasserre.com\/#website\",\"url\":\"https:\/\/patricia-lasserre.com\/\",\"name\":\"PATRICIA LASSERRE | LES \u00c9DITIONS SP\u00c9CIALES\",\"description\":\"N&#039;ayons pas peur des mots !\",\"publisher\":{\"@id\":\"https:\/\/patricia-lasserre.com\/#organization\"},\"potentialAction\":[{\"@type\":\"SearchAction\",\"target\":{\"@type\":\"EntryPoint\",\"urlTemplate\":\"https:\/\/patricia-lasserre.com\/?s={search_term_string}\"},\"query-input\":\"required name=search_term_string\"}],\"inLanguage\":\"fr-FR\"},{\"@type\":\"Organization\",\"@id\":\"https:\/\/patricia-lasserre.com\/#organization\",\"name\":\"PATRICIA LASSERRE | LES \u00c9DITIONS SP\u00c9CIALES\",\"url\":\"https:\/\/patricia-lasserre.com\/\",\"logo\":{\"@type\":\"ImageObject\",\"inLanguage\":\"fr-FR\",\"@id\":\"https:\/\/patricia-lasserre.com\/#\/schema\/logo\/image\/\",\"url\":\"https:\/\/patricia-lasserre.com\/wp-content\/uploads\/2023\/02\/pat.fun-minuscule.jpg\",\"contentUrl\":\"https:\/\/patricia-lasserre.com\/wp-content\/uploads\/2023\/02\/pat.fun-minuscule.jpg\",\"width\":80,\"height\":77,\"caption\":\"PATRICIA LASSERRE | LES \u00c9DITIONS SP\u00c9CIALES \"},\"image\":{\"@id\":\"https:\/\/patricia-lasserre.com\/#\/schema\/logo\/image\/\"}}]}<\/script>\n<!-- \/ Yoast SEO plugin. -->","yoast_head_json":{"title":"Les secrets de la Bible - PATRICIA LASSERRE | LES \u00c9DITIONS SP\u00c9CIALES","description":"Les secrets de la Bible r\u00e9v\u00e9l\u00e9s dans le livre de Patricia Lasserre Le grand m\u00e9chant Dieu, enqu\u00eate in\u00e9dite au c\u0153ur de la Bible","robots":{"index":"index","follow":"follow","max-snippet":"max-snippet:-1","max-image-preview":"max-image-preview:large","max-video-preview":"max-video-preview:-1"},"canonical":"https:\/\/patricia-lasserre.com\/index.php\/accueil-livres-patricia-lasserre\/les-secrets-de-la-bible\/","og_locale":"fr_FR","og_type":"article","og_title":"Les secrets de la Bible - PATRICIA LASSERRE | LES \u00c9DITIONS SP\u00c9CIALES","og_description":"Les secrets de la Bible r\u00e9v\u00e9l\u00e9s dans le livre de Patricia Lasserre Le grand m\u00e9chant Dieu, enqu\u00eate in\u00e9dite au c\u0153ur de la Bible","og_url":"https:\/\/patricia-lasserre.com\/index.php\/accueil-livres-patricia-lasserre\/les-secrets-de-la-bible\/","og_site_name":"PATRICIA LASSERRE | LES \u00c9DITIONS SP\u00c9CIALES","article_modified_time":"2021-07-21T09:11:53+00:00","og_image":[{"width":1024,"height":689,"url":"https:\/\/patricia-lasserre.com\/wp-content\/uploads\/2020\/02\/LGMD-3D-petit-mixte-1024x689.png","type":"image\/png"}],"twitter_misc":{"Dur\u00e9e de lecture estim\u00e9e":"3 minutes"},"schema":{"@context":"https:\/\/schema.org","@graph":[{"@type":"WebPage","@id":"https:\/\/patricia-lasserre.com\/index.php\/accueil-livres-patricia-lasserre\/les-secrets-de-la-bible\/","url":"https:\/\/patricia-lasserre.com\/index.php\/accueil-livres-patricia-lasserre\/les-secrets-de-la-bible\/","name":"Les secrets de la Bible - PATRICIA LASSERRE | LES \u00c9DITIONS SP\u00c9CIALES","isPartOf":{"@id":"https:\/\/patricia-lasserre.com\/#website"},"primaryImageOfPage":{"@id":"https:\/\/patricia-lasserre.com\/index.php\/accueil-livres-patricia-lasserre\/les-secrets-de-la-bible\/#primaryimage"},"image":{"@id":"https:\/\/patricia-lasserre.com\/index.php\/accueil-livres-patricia-lasserre\/les-secrets-de-la-bible\/#primaryimage"},"thumbnailUrl":"https:\/\/patricia-lasserre.com\/wp-content\/uploads\/2020\/02\/LGMD-3D-petit-mixte.png","datePublished":"2021-07-21T07:46:13+00:00","dateModified":"2021-07-21T09:11:53+00:00","description":"Les secrets de la Bible r\u00e9v\u00e9l\u00e9s dans le livre de Patricia Lasserre Le grand m\u00e9chant Dieu, enqu\u00eate in\u00e9dite au c\u0153ur de la Bible","breadcrumb":{"@id":"https:\/\/patricia-lasserre.com\/index.php\/accueil-livres-patricia-lasserre\/les-secrets-de-la-bible\/#breadcrumb"},"inLanguage":"fr-FR","potentialAction":[{"@type":"ReadAction","target":["https:\/\/patricia-lasserre.com\/index.php\/accueil-livres-patricia-lasserre\/les-secrets-de-la-bible\/"]}]},{"@type":"ImageObject","inLanguage":"fr-FR","@id":"https:\/\/patricia-lasserre.com\/index.php\/accueil-livres-patricia-lasserre\/les-secrets-de-la-bible\/#primaryimage","url":"https:\/\/patricia-lasserre.com\/wp-content\/uploads\/2020\/02\/LGMD-3D-petit-mixte.png","contentUrl":"https:\/\/patricia-lasserre.com\/wp-content\/uploads\/2020\/02\/LGMD-3D-petit-mixte.png","width":1850,"height":1244,"caption":"Les secrets de la Bible r\u00e9v\u00e9l\u00e9s par Patricia Lasserre"},{"@type":"BreadcrumbList","@id":"https:\/\/patricia-lasserre.com\/index.php\/accueil-livres-patricia-lasserre\/les-secrets-de-la-bible\/#breadcrumb","itemListElement":[{"@type":"ListItem","position":1,"name":"Accueil","item":"https:\/\/patricia-lasserre.com\/"},{"@type":"ListItem","position":2,"name":"Accueil","item":"https:\/\/patricia-lasserre.com\/"},{"@type":"ListItem","position":3,"name":"Les secrets de la Bible"}]},{"@type":"WebSite","@id":"https:\/\/patricia-lasserre.com\/#website","url":"https:\/\/patricia-lasserre.com\/","name":"PATRICIA LASSERRE | LES \u00c9DITIONS SP\u00c9CIALES","description":"N&#039;ayons pas peur des mots !","publisher":{"@id":"https:\/\/patricia-lasserre.com\/#organization"},"potentialAction":[{"@type":"SearchAction","target":{"@type":"EntryPoint","urlTemplate":"https:\/\/patricia-lasserre.com\/?s={search_term_string}"},"query-input":"required name=search_term_string"}],"inLanguage":"fr-FR"},{"@type":"Organization","@id":"https:\/\/patricia-lasserre.com\/#organization","name":"PATRICIA LASSERRE | LES \u00c9DITIONS SP\u00c9CIALES","url":"https:\/\/patricia-lasserre.com\/","logo":{"@type":"ImageObject","inLanguage":"fr-FR","@id":"https:\/\/patricia-lasserre.com\/#\/schema\/logo\/image\/","url":"https:\/\/patricia-lasserre.com\/wp-content\/uploads\/2023\/02\/pat.fun-minuscule.jpg","contentUrl":"https:\/\/patricia-lasserre.com\/wp-content\/uploads\/2023\/02\/pat.fun-minuscule.jpg","width":80,"height":77,"caption":"PATRICIA LASSERRE | LES \u00c9DITIONS SP\u00c9CIALES "},"image":{"@id":"https:\/\/patricia-lasserre.com\/#\/schema\/logo\/image\/"}}]}},"_links":{"self":[{"href":"https:\/\/patricia-lasserre.com\/index.php\/wp-json\/wp\/v2\/pages\/2661"}],"collection":[{"href":"https:\/\/patricia-lasserre.com\/index.php\/wp-json\/wp\/v2\/pages"}],"about":[{"href":"https:\/\/patricia-lasserre.com\/index.php\/wp-json\/wp\/v2\/types\/page"}],"author":[{"embeddable":true,"href":"https:\/\/patricia-lasserre.com\/index.php\/wp-json\/wp\/v2\/users\/1"}],"replies":[{"embeddable":true,"href":"https:\/\/patricia-lasserre.com\/index.php\/wp-json\/wp\/v2\/comments?post=2661"}],"version-history":[{"count":65,"href":"https:\/\/patricia-lasserre.com\/index.php\/wp-json\/wp\/v2\/pages\/2661\/revisions"}],"predecessor-version":[{"id":2742,"href":"https:\/\/patricia-lasserre.com\/index.php\/wp-json\/wp\/v2\/pages\/2661\/revisions\/2742"}],"up":[{"embeddable":true,"href":"https:\/\/patricia-lasserre.com\/index.php\/wp-json\/wp\/v2\/pages\/192"}],"wp:featuredmedia":[{"embeddable":true,"href":"https:\/\/patricia-lasserre.com\/index.php\/wp-json\/wp\/v2\/media\/579"}],"wp:attachment":[{"href":"https:\/\/patricia-lasserre.com\/index.php\/wp-json\/wp\/v2\/media?parent=2661"}],"curies":[{"name":"wp","href":"https:\/\/api.w.org\/{rel}","templated":true}]}}